. Suppose -14*p - v*p + 238749 = 0. Is p a prime number?
True
Suppose p = -4*n - 48, 3*p + 73 = -5*n + 6. Let g(s) = -s**3 + 3*s**2 + 38*s - 3. Is g(n) composite?
True
Let x(y) = y**2 - 19*y + 37. Let n be x(17). Let t(a) = n - 4 - a**2 - 8 + 2 - 38*a. Is t(-18) composite?
False
Let u(t) = 12*t**2 + 53*t - 657. Is u(106) a composite number?
True
Suppose -4*j - 4*y + 40 = 0, j = 2*j - y. Suppose -15720 = -4*t - j*g, 0 = -2*t + 2*g + 3780 + 4098. Is t a composite number?
True
Let d = 233084 - -316733. Is d prime?
True
Suppose 41253 = 14*b - 11*b + 3*k, 10 = -5*k. Is b a composite number?
True
Let y = 108148 + -9095. Is y a prime number?
True
Let l = 8432 - 4203. Let s be (-1780)/(2/3 - 0). Let a = l + s. Is a composite?
False
Let h be -1 - 4 - (-10 + -2). Let o be (-233 + 13)*66/(-8). Suppose h*b - 3554 = o. Is b prime?
False
Let k(h) = 356*h**2 - 40*h + 173. Is k(-22) a prime number?
True
Let p(m) be the third derivative of 29*m**7/840 + 17*m**6/720 + 7*m**5/60 + 4*m**2. Let r(q) be the third derivative of p(q). Is r(5) prime?
True
Let d(a) = -15*a + 90. Let z be d(6). Suppose 5*f - 815 - 890 = z. Is f composite?
True
Let k = 32007 - 14390. Is k composite?
True
Let w = 15130 + 47451. Is w composite?
False
Suppose 0 = 5*o + 20, 3*u + 2*o = 3*o - 4817. Let n be ((-153)/(-12))/(10/(-720)). Let z = n - u. Is z a composite number?
True
Suppose 4*n - 27821 = 425928 + 215823. Is n prime?
True
Suppose 168*k - 19245 = 165*k. Suppose 21*p - 18742 = -k. Is p composite?
False
Suppose 19139 = -497*t + 462*t + 292734. Is t a prime number?
True
Let g(v) = -144*v**2 - 20*v - 58. Let k be g(-4). Let r = k + 9765. Is r prime?
False
Let i(y) = 43311*y + 54. Let l be i(6). Is l/176 + 4/22 prime?
False
Let u = 3642 + 3145. Let y = u - 4634. Is y prime?
True
Let w(k) = 311*k**2 - 109*k + 17. Suppose 3*i = 29*i - 182. Is w(i) prime?
False
Let y(v) = v**2 + 8*v + 29. Let f be y(-5). Let t(u) = 21 - 11 + f + 259*u. Is t(5) prime?
True
Let o = 5096 + 185. Let d = o + -3332. Is d a composite number?
False
Let k(x) = 95940*x**2 - 263*x - 770. Is k(-3) a prime number?
True
Suppose 3*n = 2*r + 3 + 2, 2*r = 2*n. Suppose 0 = -3*w + 3*q + 15, 2*w + n = -3*q - 0*q. Suppose -2338 = -3*f - 5*y, 781 = f - w*y + 4*y. Is f a prime number?
False
Suppose -1348*c - 50381 = -m - 1349*c, -5*c - 50417 = -m. Is m a prime number?
True
Let o be (-10)/(-2 - 24/(-13)). Suppose o*w = 71*w - 11706. Is w a prime number?
True
Suppose -2*c + 67170 = -4*n, -37*c - 8*n = -40*c + 100749. Is c composite?
True
Let i be (-4)/(-8 + 12) + 8. Suppose -13125 = -a - 2*z, -i*a + z = 13488 - 105393. Is a a composite number?
True
Let n be (-30)/12*28/(-5). Suppose 20*r - n*r = 0. Is -1 - (-138 - ((r - -2) + -5)) a prime number?
False
Let x(o) be the third derivative of 61*o**7/5040 + 3*o**6/80 - 13*o**5/60 - 21*o**2. Let p(y) be the third derivative of x(y). Is p(8) prime?
False
Let s(m) = 4*m**2 + 4*m + 377. Is s(-46) composite?
True
Let v(a) = 222*a + 7. Suppose 581 = -d + 8*d. Let i = d + -79. Is v(i) a prime number?
False
Is (-2)/20 + 9 + (-5274126)/(-60) a prime number?
True
Suppose 3*k - 555 = 489. Suppose -k*a = -345*a - 8499. Is a a composite number?
False
Is 5880/(-1176) - (1 + -1 - -2 - 57174) prime?
False
Suppose -35 = 4*v + r - 392, 5*r - 75 = -v. Let u(y) = 2 - v*y + 0 - 1. Is u(-6) a prime number?
True
Suppose 992 - 317 = -3*u. Let o = u - -148. Is 2/(1 - -1) - (o - -11) composite?
False
Suppose 2*k - 26434 = -4*i, -5*k = 3*i - 7168 - 12640. Let r = -475 + i. Suppose 2*l = 5*x - 4*x - 1531, 2*l + r = 4*x. Is x composite?
True
Suppose -5*t + 605650 = 5*n, -7*t + 2*t = -5. Is n a composite number?
True
Let t = 127599 + 7534. Is t a composite number?
True
Suppose -47 - 403 = -9*w. Suppose -w*k = -46*k - 4652. Is k prime?
True
Let h be ((-2)/4 - -3)/((-1)/(-2)). Suppose 15084 = -l + h*l. Suppose -11*i + l = -2*i. Is i prime?
True
Let k = 11 + -12. Let n(f) = -2235*f - 2. Let p be n(k). Suppose 5*i + 503 - p = 0. Is i prime?
False
Let n = -213720 + 1921333. Is n prime?
False
Let v(k) be the first derivative of -17 + k**2 - 1/3*k**3 + 17*k - 1/4*k**4. Is v(-8) composite?
False
Let u = -490 - 186. Let c = 1645 - 554. Let x = c + u. Is x prime?
False
Is (4/(-8))/(2/1 + (-68932431)/34466202) prime?
True
Suppose 188*o - 12260 = 183*o. Suppose 2*a - o = -4*h, -6*a - 1829 = -3*h - 5*a. Is h a composite number?
True
Suppose 69*x - 293252 = 341479. Is x a composite number?
False
Is 2*(-2*2 - (-6 + 4510960/(-32))) composite?
True
Let f be 18/(-117) + (-1174)/(-26). Is (-2)/(60/(-9206)) + 6/f composite?
False
Let k = 23406 - -1778. Suppose -12*z + 12124 = -k. Is z a prime number?
True
Suppose -82*c + 180*c = 65*c + 15252303. Is c a prime number?
True
Let r be 2 + 15/(-8) + (-474525)/(-600). Suppose -4331 = -2*o + r. Is o a composite number?
True
Is (-6)/(-4)*(756254/3)/1 prime?
True
Let i = -163873 + 609034. Is i prime?
False
Let n(p) = 1820*p**2 - 15*p + 432. Is n(11) composite?
True
Suppose 2399 = 2*f - c + 911, 8 = 4*c. Is 13/(1 - 3720/f - -4) a composite number?
True
Suppose 2*o + 16 = 4*z, 0*z - 3*z + 12 = -4*o. Suppose -2*d + 3538 + 1316 = o. Is d prime?
False
Suppose -43*w - 24808 = -51*w. Let b = w - 892. Is b a composite number?
True
Let v be 1 - 2 - 1 - (-17 - -15). Let x be (-2 - -3 - v) + 5 + -2. Suppose 0 = 4*t + 4*w - 0*w - 8624, x*t + 5*w = 8625. Is t composite?
True
Suppose -377 = -4*r + 3*m, 261 = 3*r + 2*m + 3*m. Suppose -r = -6*x - 32. Suppose x*v - 9801 = 2689. Is v a composite number?
False
Let n = 133 - 141. Let s(y) = -106*y - 54. Is s(n) prime?
False
Let f(p) = -504*p**2 + 3*p + 20. Let w be f(-5). Let h = -5983 - w. Suppose 2*k - h = -2*q, 3297 = q - 2*k + 6*k. Is q composite?
True
Let y(i) = -2101*i + 2215. Is y(-52) composite?
False
Suppose -118393 = 64*t - 75*t. Suppose h - 2*x = 2147, -7*x - t = -5*h - 4*x. Is h a composite number?
True
Suppose 0 = 595*b - 587*b - 1744. Let y(l) = -49*l + 2. Let t be y(-7). Let k = t - b. Is k a prime number?
True
Let j(b) be the second derivative of b**4/4 - b**3/2 + 133*b**2/2 - 10*b. Is j(31) a prime number?
False
Suppose -56*s = -58*s + 19074. Suppose 0 = a - 6*a - o + 47640, -a - 2*o + s = 0. Is a prime?
False
Let g be 1416328/26 + 28/(-182). Suppose 0 = -21*s + 27*s - g. Is s composite?
True
Suppose -11*t = -51*t + 80*t - 14061080. Is t a composite number?
True
Suppose 0 = -17*i - 447906 + 8434064. Is i/30 + (-6)/45 prime?
False
Let t(p) = 1075*p**2 + 364*p - 5911. Is t(16) composite?
True
Suppose -22*j - 41 = -151. Suppose 6*u - 3710 = u + j*t, -748 = -u - 5*t. Is u prime?
True
Is (-52 - -54)*177658/4 composite?
True
Let j be (-8)/(-16) - ((-70)/4)/7. Let k(g) be the second derivative of g**5/5 + g**4/3 - 5*g**3/6 + g**2 - g. Is k(j) a composite number?
False
Suppose -4*y = -j - 437337, 127588 = y + 2*j + 18247. Suppose 5*h - 5*g + 109330 = 10*h, 5*h + 4*g = y. Is h a prime number?
True
Suppose -o - 17*n - 4 = -15*n, -5*n = -2*o + 28. Is o/(-14) - 916498/(-154) composite?
True
Suppose v + 18 = 3*r, 10*v - 5*v - 36 = -3*r. Suppose r*w + 165 = 2*w. Is (-3)/(-2)*(-49082)/w a prime number?
False
Is -9 - -4 - (1 - (38118 - 1)) a prime number?
False
Let z(p) = 6*p - 21. Let f be z(9). Suppose 0 = -7*q + 2 + f. Suppose 0*c = -2*c + 3*j + 307, -q*c = 4*j - 733. Is c composite?
False
Is 228/((-24)/(-2)) + 133782 a composite number?
False
Let z = 12726 + 66431. Is z composite?
True
Suppose -43 = -2*r + 3*a + 64, -r + 4*a = -41. Suppose -r*i = -67*i + 13098. Is i prime?
False
Let z = -841 + 1637. Suppose 1993 = 4*d - 5*o + z, 2*d = 4*o + 606. Suppose 1172 = 4*t - 5*m, -3*m = -t - 0*t + d. Is t a prime number?
True
Let n be 27/(-36)*((-51)/9 + -1). Suppose -q = -b - 845 + 60, n*q + 5*b - 3945 = 0. Is q a prime number?
True
Let k(j) = j**2 + 11*j - 17. Let v be k(-13). Let a be 569 + (v - (6 + -1)). Suppose 0 = 16*n - 19*n + a. Is n a prime number?
True
Let i = 194380 - 137949. Is i composite?
False
Let b(o) = -o**2 - 5*o + 26. Let c be b(3). Is (c + 1397)*(5 + -9 - -5) a prime number?
True
Let f(y) = 2 - 3 + 3*y - 4 - 5*y**2 + 6*y**2. Let z be f(-5). Suppose z*h + 926 = 4*a - 671, 0 = 2*h + 10. Is a prime?
False
Is (-1*11)/(265048/(-26504) + 10) composite?
True
Let r(s) = 51*s - 20. Let j(g) = 103*g - 39. Let t(v) = -3*j(v) + 7*r(v). Let h be t(-10). L